{"id":58,"date":"2025-02-17T12:44:44","date_gmt":"2025-02-17T12:44:44","guid":{"rendered":"https:\/\/wetterauer-kanalreinigung.de\/index.php\/zisternenreinigung\/"},"modified":"2025-02-17T12:44:48","modified_gmt":"2025-02-17T12:44:48","slug":"zisternenreinigung","status":"publish","type":"page","link":"https:\/\/wetterauer-kanalreinigung.de\/index.php\/zisternenreinigung\/","title":{"rendered":"Zisternenreinigung"},"content":{"rendered":"<div class=\"\" style=\"\" >\n   \n    <section class=\"u-clearfix u-custom-color-1 u-valign-middle-lg u-section-1\" id=\"carousel_26ff\">\n      <img decoding=\"async\" class=\"u-image u-image-contain u-image-default u-image-1\" src=\"https:\/\/wetterauer-kanalreinigung.de\/wp-content\/uploads\/2025\/02\/notruf_1-1.png\" alt=\"\" data-image-width=\"300\" data-image-height=\"299\" data-href=\"tel:+4960327003112\">\n      <div class=\"u-align-center u-container-style u-group u-group-1\">\n        <div class=\"u-container-layout u-valign-bottom-sm u-valign-bottom-xs u-container-layout-1\">\n          <img decoding=\"async\" class=\"u-image u-image-contain u-image-default u-image-2\" src=\"https:\/\/wetterauer-kanalreinigung.de\/wp-content\/uploads\/2025\/02\/WetterauerKanalreinigungLogo20221-1.png?rand=7744\" alt=\"\" data-image-width=\"1592\" data-image-height=\"1300\" data-href=\"https:\/\/wetterauer-kanalreinigung.de\/index.php\/startseite\/\">\n        <\/div>\n      <\/div>\n      <img decoding=\"async\" class=\"u-expanded-height-md u-expanded-height-sm u-expanded-height-xs u-hidden-sm u-hidden-xs u-image u-image-default u-image-3\" src=\"https:\/\/wetterauer-kanalreinigung.de\/wp-content\/uploads\/2025\/02\/mouse_header_2-1.png\" alt=\"\" data-image-width=\"500\" data-image-height=\"275\">\n    <\/section>\n    <section class=\"u-align-center u-border-4 u-border-custom-color-2 u-border-no-left u-border-no-right u-border-no-top u-clearfix u-grey-90 u-hidden-sm u-hidden-xs u-section-2\" id=\"sec-c106\">\n      <div class=\"u-expanded-width u-list u-list-1\">\n        <div class=\"u-repeater u-repeater-1\">\n          <div class=\"u-container-align-center u-container-style u-list-item u-repeater-item\" data-href=\"https:\/\/wetterauer-kanalreinigung.de\/index.php\/startseite\/#carousel_8218\">\n            <div class=\"u-container-layout u-similar-container u-valign-middle u-container-layout-1\">\n              <p class=\"u-align-center u-text u-text-default u-text-1\">\n                <a class=\"u-active-none u-border-none u-btn u-button-link u-button-style u-hover-none u-none u-text-body-alt-color u-text-hover-custom-color-2 u-btn-1\" href=\"https:\/\/wetterauer-kanalreinigung.de\/index.php\/startseite\/#carousel_8218\">Leistungen<\/a>\n              <\/p>\n            <\/div>\n          <\/div>\n          <div class=\"u-container-align-center u-container-style u-list-item u-repeater-item\">\n            <div class=\"u-container-layout u-similar-container u-valign-middle u-container-layout-2\">\n              <p class=\"u-align-center u-text u-text-default u-text-2\">\n                <a class=\"u-active-none u-border-none u-btn u-button-link u-button-style u-hover-none u-none u-text-body-alt-color u-text-hover-custom-color-2 u-btn-2\" href=\"https:\/\/wetterauer-kanalreinigung.de\/index.php\/about\/\">\u00dcber Uns<\/a>\n              <\/p>\n            <\/div>\n          <\/div>\n          <div class=\"u-container-align-center u-container-style u-list-item u-repeater-item\">\n            <div class=\"u-container-layout u-similar-container u-valign-middle u-container-layout-3\">\n              <p class=\"u-align-center u-text u-text-default u-text-3\">\n                <a class=\"u-active-none u-border-none u-btn u-button-link u-button-style u-hover-none u-none u-text-body-alt-color u-text-hover-custom-color-2 u-btn-3\" href=\"https:\/\/wetterauer-kanalreinigung.de\/index.php\/startseite\/#carousel_cbf1\">Unser Aktionsradius<\/a>\n              <\/p>\n            <\/div>\n          <\/div>\n          <div class=\"u-container-align-center u-container-style u-list-item u-repeater-item\">\n            <div class=\"u-container-layout u-similar-container u-valign-middle u-container-layout-4\">\n              <p class=\"u-align-center u-text u-text-default u-text-4\">\n                <a class=\"u-active-none u-border-none u-btn u-button-link u-button-style u-hover-none u-none u-text-body-alt-color u-text-hover-custom-color-2 u-btn-4\" href=\"https:\/\/wetterauer-kanalreinigung.de\/index.php\/kontakt\/\">Kontakt<\/a>\n              <\/p>\n            <\/div>\n          <\/div>\n          <div class=\"u-container-align-center u-container-style u-list-item u-repeater-item\">\n            <div class=\"u-container-layout u-similar-container u-valign-middle u-container-layout-5\">\n              <p class=\"u-align-center u-text u-text-default u-text-5\">\n                <a class=\"u-active-none u-border-2 u-border-white u-btn u-button-style u-file-link u-hover-none u-none u-text-body-alt-color u-text-hover-custom-color-2 u-btn-5\" href=\"https:\/\/wetterauer-kanalreinigung.de\/wp-content\/uploads\/2025\/02\/Freistellungsbescheinigung-1.pdf\">Freistellungsbescheid<\/a>\n              <\/p>\n            <\/div>\n          <\/div>\n        <\/div>\n      <\/div>\n    <\/section>\n    <section class=\"u-clearfix u-grey-70 u-section-3\" id=\"sec-c625\">\n      <div class=\"u-clearfix u-sheet u-valign-middle u-sheet-1\">\n        <div class=\"u-clearfix u-expanded-width u-layout-wrap u-layout-wrap-1\">\n          <div class=\"u-layout\">\n            <div class=\"u-layout-row\">\n              <div class=\"u-size-27-lg u-size-27-md u-size-27-sm u-size-27-xs u-size-55-xl\">\n                <div class=\"u-layout-col\">\n                  <div class=\"u-container-style u-layout-cell u-left-cell u-size-60 u-layout-cell-1\">\n                    <div class=\"u-container-layout u-container-layout-1\">\n                      <h2 class=\"u-text u-text-1\"> Zisternenreinigung<\/h2>\n                      <p class=\"u-text u-text-2\"> Eine\nZisterne, oder ein Regentank, im eigenen Garten hat viele Vorteile.\nSo entfallen zum Beispiel die Abwassergeb\u00fchren f\u00fcr die Bew\u00e4sserung\ndes Grundst\u00fccks, w\u00e4hrend man ganz nebenbei auch noch der Umwelt\nentgegenkommt und viel kostbares Trinkwasser spart.&nbsp;<br>\n                        <br>Ist\ndie Zisterne erst einmal installiert, hat man ein weitgehend autarkes\nBew\u00e4sserungssystem, welches lediglich regelm\u00e4\u00dfig gereinigt und\nentschlammt werden muss.&nbsp;<br>\n                        <br>\n                        <span style=\"font-weight: 700;\">Verschmutzung\nder Zisterne<\/span>\n                        <br> Trotz\ngut beplanter Regenwassernutzungsanlage ist eine Verschmutzung der\nZisterne nicht wirklich zu vermeiden. Durch das Regenwasser werden\nLaub, Staub und Pollenpartikel eingesp\u00fclt und setzten sich am Boden\nder Zisterne ab. Das in der Zisterne befindliche Wasser kann dadurch\nzu faulen beginnen, was zu einer unangenehmen Geruchsbel\u00e4stigung,\nund im schlimmsten Fall zum defekt der Pumpe f\u00fchren kann.&nbsp;<br>\n                        <br>Das\nTeam der Wetterauer Kanal- und Rohrreinigung in Bad Nauheim empfiehlt\ndaher die Zisterne in regelm\u00e4\u00dfigen Intervallen zu reinigen und zu\nentschlammen.&nbsp;<br>\n                        <br>Wie\noft diese Zisternenreinigung durchgef\u00fchrt werden sollte ist unter\nAnderem auch von der Gr\u00f6\u00dfe der Zisterne abh\u00e4ngig. Als Faustregel\ngilt in etwa: ein Jahr bis zur Reinigung der Zisterne pro Kubikmeter\nWasser (Fassungsverm\u00f6gen).&nbsp;<br>\n                        <br>Die\nbevorzugte Jahreszeit um eine Reinigung der Zisterne durchzuf\u00fchren\nist Ende Sommer bis Mitte Herbst, da durch die hohe Wasserentnahme im\nSommer die Zisterne in diesem Zeitraum am wenigsten mit Regenwasser\ngef\u00fcllt ist und sich so leichter reinigen l\u00e4sst.&nbsp;<br>\n                        <br>\n                        <span style=\"font-weight: 700;\">Die\nZisternenreinigung<\/span>\n                        <br> Eine\nprofessionelle und gr\u00fcndliche Reinigung der Zisterne oder eines\nRegenwassertanks ist nur von innen m\u00f6glich. Zu beachten ist dabei,\ndass die Zisterne vor der Reinigung gut bel\u00fcftet werden sollte,\ndamit eventuell entstandene giftige G\u00e4rgase entweichen k\u00f6nnen. Aus\ndiesem Grund sollte die Reinigung der Zisterne auch ausschlie\u00dflich\nvon geschultem Fachpersonal durchgef\u00fchrt werden!&nbsp;<br>\n                        <br>Nach\nPr\u00fcfung des Grades der Verschmutzung wird das sedimenthaltige Wasser\naus der Zisterne mittels Schmutzwasserpumpe abgesaugt und nach oben\ngepumpt. Der verbleibende Bodensatz und grobe Schmutz \u2013 meist Laub\nund Schlamm \u2013 wird manuell von unseren Mitarbeitern fachgerecht\nentfernt. Danach werden die Zisterne und deren Zul\u00e4ufe mit einem\nspeziellen Hochdruckreiniger von eventuellen hartn\u00e4ckigen\nAblagerungen gr\u00fcndlich gereinigt. Der anfallenden Schlamm bzw.\nSedimentschicht wird von uns selbstverst\u00e4ndlich fachgerecht und\nUmweltfreundlich entsorgt oder k\u00f6nnen auch als D\u00fcnger f\u00fcr den\nGarten genutzt werden.\nZum\nAbschluss der Zisternenreinigung wird mit klarem Wasser durchgesp\u00fclt,\num eine gr\u00fcndliche S\u00e4uberungen und die Beseitigung aller R\u00fcckst\u00e4nde\nder Zisterne zu gew\u00e4hrleisten.&nbsp;<br>\n                        <br>\n                        <span style=\"font-weight: 700;\">Wir\nreinigen Zisternen und Regenwassertanks im Umkreis von Friedberg, Bad\nNauheim, Ober-M\u00f6rlen, Butzbach, M\u00fcnzenberg, Florstadt, Altenstadt,\nKarben, Bad Vilbel, Friedrichsdorf, Bad Homburg und im gesamten\nWetteraukreis, Hochtaunuskreis, Lahn-Dill-Kreis, Main-Kinzig-Kreis,\nVogelsbergkreis und Gie\u00dfen.&nbsp;<\/span>\n                        <br>\n                        <br>Rufen\nSie uns einfach an und vereinbaren Sie einen Termin<br> unter&nbsp;Bad\nNauheim 06032 \/ 7003112\n                      <\/p>\n                    <\/div>\n                  <\/div>\n                <\/div>\n              <\/div>\n              <div class=\"u-size-33-lg u-size-33-md u-size-33-sm u-size-33-xs u-size-5-xl\">\n                <div class=\"u-layout-col\">\n                  <div class=\"u-container-style u-layout-cell u-right-cell u-size-60 u-layout-cell-2\">\n                    <div class=\"u-container-layout u-container-layout-2\"><\/div>\n                  <\/div>\n                <\/div>\n              <\/div>\n            <\/div>\n          <\/div>\n        <\/div>\n      <\/div>\n    <\/section>\n    <section class=\"u-clearfix u-grey-80 u-section-4\" id=\"carousel_3e9c\">\n      <div class=\"u-clearfix u-sheet u-sheet-1\">\n        <div class=\"u-clearfix u-disable-padding u-expanded-width u-gutter-0 u-layout-wrap u-layout-wrap-1\">\n          <div class=\"u-layout\">\n            <div class=\"u-layout-row\">\n              <div class=\"u-container-style u-layout-cell u-left-cell u-similar-fill u-size-21 u-layout-cell-1\">\n                <div class=\"u-container-layout u-container-layout-1\">\n                  <h2 class=\"u-align-center u-text u-text-1\">\u00dcBER UNS<\/h2>\n                  <h6 class=\"u-align-left u-text u-text-2\"> Wetterauer Kanal- und Rohrreinigung in Bad Nauheim \u2013 Ihrem professionellen Partner f\u00fcr die Reparatur, Sanierung, S\u00e4uberung und Instandhaltung von Abflussleitungen.<br>\n                    <br>Ob verstopfte Abflussrohre, zu reinigende Regenwasser-Zisternen-Anlagen, Abwasser-R\u00fcckstausicherung oder Kamera-Befahrungen Ihrer Abflussleitungen \u2013 wir helfen Ihnen schnell, zuverl\u00e4ssig und g\u00fcnstig.\n                  <\/h6>\n                <\/div>\n              <\/div>\n              <div class=\"u-container-style u-layout-cell u-right-cell u-size-19 u-layout-cell-2\">\n                <div class=\"u-container-layout u-valign-middle u-container-layout-2\">\n                  <h2 class=\"u-align-center u-text u-text-3\"> HIER FINDEN SIE UNS:<\/h2>\n                  <p class=\"u-align-left u-text u-text-4\"> Hauptsitz<br>Ernst-Ludwig-Ring 38<br style=\"margin-bottom: 0px;\">61231 Bad Nauheim<br>\n                    <br>Tel.: 06032 \u2013 70 03 112<br>\n                  <\/p>\n                  <ul class=\"tatsu-hg1e8tuycr6wqdks tatsu-list tatsu-lists-icon tatsu-module\" style=\"padding: 0px; line-height: inherit; margin: 10px 0px 0px; list-style: none; border: 0px; font-size: 13px; vertical-align: baseline; background: transparent;\"><\/ul>\n                  <br><i class=\"icon-location tatsu-icon\" style=\"margin: 0px; padding: 0px; border: 0px; font-size: 15px; vertical-align: middle; background: transparent; display: block; position: absolute; line-height: 0; left: 15px; top: 15px; transform: translate(-50%, -50%); color: rgb(226, 226, 226);\"><\/i>Niederlassung<br>Roter Lohweg 22<br style=\"margin-bottom: 0px;\">35510 Butzbach<br>\n                  <br>Tel.: 06033 \u2013 925 68 12<br>\n                  <br><i class=\"icon-icon_mail tatsu-icon\" style=\"margin: 0px; padding: 0px; border: 0px; font-size: 15px; vertical-align: middle; background: transparent; display: block; position: absolute; line-height: 0; left: 15px; top: 15px; transform: translate(-50%, -50%); color: rgb(226, 226, 226);\"><\/i>info (at) wetterauer-kanalreinigung.de<br>\n                  <p><\/p>\n                <\/div>\n              <\/div>\n              <div class=\"u-container-align-center u-container-style u-layout-cell u-size-20\">\n                <div class=\"u-container-layout u-container-layout-3\">\n                  <img decoding=\"async\" class=\"u-image u-image-default u-image-1\" src=\"https:\/\/wetterauer-kanalreinigung.de\/wp-content\/uploads\/2025\/02\/vdrk_logo-300x256-2.jpg\" alt=\"\" data-image-width=\"300\" data-image-height=\"256\">\n                  <p class=\"u-text u-text-default u-text-5\"> Eingetragenes Mitglied im Verband der Rohr- und Kanal-Technik-Unternehmen e.V.<\/p>\n                <\/div>\n              <\/div>\n            <\/div>\n          <\/div>\n        <\/div>\n      <\/div>\n    <\/section>\n    \n    \n    \n    \n  \n<\/div>","protected":false},"excerpt":{"rendered":"<p>Leistungen \u00dcber Uns Unser Aktionsradius Kontakt Freistellungsbescheid Zisternenreinigung Eine Zisterne, oder ein Regentank, im eigenen Garten hat viele Vorteile. So [&hellip;]<\/p>\n","protected":false},"author":1,"featured_media":0,"parent":0,"menu_order":11,"comment_status":"closed","ping_status":"closed","template":"","meta":{"site-sidebar-layout":"default","site-content-layout":"","ast-site-content-layout":"default","site-content-style":"default","site-sidebar-style":"default","ast-global-header-display":"","ast-banner-title-visibility":"","ast-main-header-display":"","ast-hfb-above-header-display":"","ast-hfb-below-header-display":"","ast-hfb-mobile-header-display":"","site-post-title":"","ast-breadcrumbs-content":"","ast-featured-img":"","footer-sml-layout":"","theme-transparent-header-meta":"","adv-header-id-meta":"","stick-header-meta":"","header-above-stick-meta":"","header-main-stick-meta":"","header-below-stick-meta":"","astra-migrate-meta-layouts":"default","ast-page-background-enabled":"default","ast-page-background-meta":{"desktop":{"background-color":"var(--ast-global-color-5)","background-image":"","background-repeat":"repeat","background-position":"center center","background-size":"auto","background-attachment":"scroll","background-type":"","background-media":"","overlay-type":"","overlay-color":"","overlay-opacity":"","overlay-gradient":""},"tablet":{"background-color":"","background-image":"","background-repeat":"repeat","background-position":"center center","background-size":"auto","background-attachment":"scroll","background-type":"","background-media":"","overlay-type":"","overlay-color":"","overlay-opacity":"","overlay-gradient":""},"mobile":{"background-color":"","background-image":"","background-repeat":"repeat","background-position":"center center","background-size":"auto","background-attachment":"scroll","background-type":"","background-media":"","overlay-type":"","overlay-color":"","overlay-opacity":"","overlay-gradient":""}},"ast-content-background-meta":{"desktop":{"background-color":"var(--ast-global-color-4)","background-image":"","background-repeat":"repeat","background-position":"center center","background-size":"auto","background-attachment":"scroll","background-type":"","background-media":"","overlay-type":"","overlay-color":"","overlay-opacity":"","overlay-gradient":""},"tablet":{"background-color":"var(--ast-global-color-4)","background-image":"","background-repeat":"repeat","background-position":"center center","background-size":"auto","background-attachment":"scroll","background-type":"","background-media":"","overlay-type":"","overlay-color":"","overlay-opacity":"","overlay-gradient":""},"mobile":{"background-color":"var(--ast-global-color-4)","background-image":"","background-repeat":"repeat","background-position":"center center","background-size":"auto","background-attachment":"scroll","background-type":"","background-media":"","overlay-type":"","overlay-color":"","overlay-opacity":"","overlay-gradient":""}},"footnotes":""},"class_list":["post-58","page","type-page","status-publish","hentry"],"yoast_head":"<!-- This site is optimized with the Yoast SEO plugin v25.8 - https:\/\/yoast.com\/wordpress\/plugins\/seo\/ -->\n<title>Zisternenreinigung - Wetterauer Kanalreinigung und Rohreinigung<\/title>\n<meta name=\"robots\" content=\"index, follow, max-snippet:-1, max-image-preview:large, max-video-preview:-1\" \/>\n<link rel=\"canonical\" href=\"https:\/\/wetterauer-kanalreinigung.de\/index.php\/zisternenreinigung\/\" \/>\n<meta property=\"og:locale\" content=\"de_DE\" \/>\n<meta property=\"og:type\" content=\"article\" \/>\n<meta property=\"og:title\" content=\"Zisternenreinigung - Wetterauer Kanalreinigung und Rohreinigung\" \/>\n<meta property=\"og:description\" content=\"Leistungen \u00dcber Uns Unser Aktionsradius Kontakt Freistellungsbescheid Zisternenreinigung Eine Zisterne, oder ein Regentank, im eigenen Garten hat viele Vorteile. So [&hellip;]\" \/>\n<meta property=\"og:url\" content=\"https:\/\/wetterauer-kanalreinigung.de\/index.php\/zisternenreinigung\/\" \/>\n<meta property=\"og:site_name\" content=\"Wetterauer Kanalreinigung und Rohreinigung\" \/>\n<meta property=\"article:modified_time\" content=\"2025-02-17T12:44:48+00:00\" \/>\n<meta name=\"twitter:card\" content=\"summary_large_image\" \/>\n<meta name=\"twitter:label1\" content=\"Gesch\u00e4tzte Lesezeit\" \/>\n\t<meta name=\"twitter:data1\" content=\"3\u00a0Minuten\" \/>\n<script type=\"application\/ld+json\" class=\"yoast-schema-graph\">{\"@context\":\"https:\/\/schema.org\",\"@graph\":[{\"@type\":\"WebPage\",\"@id\":\"https:\/\/wetterauer-kanalreinigung.de\/index.php\/zisternenreinigung\/\",\"url\":\"https:\/\/wetterauer-kanalreinigung.de\/index.php\/zisternenreinigung\/\",\"name\":\"Zisternenreinigung - Wetterauer Kanalreinigung und Rohreinigung\",\"isPartOf\":{\"@id\":\"https:\/\/wetterauer-kanalreinigung.de\/#website\"},\"datePublished\":\"2025-02-17T12:44:44+00:00\",\"dateModified\":\"2025-02-17T12:44:48+00:00\",\"breadcrumb\":{\"@id\":\"https:\/\/wetterauer-kanalreinigung.de\/index.php\/zisternenreinigung\/#breadcrumb\"},\"inLanguage\":\"de\",\"potentialAction\":[{\"@type\":\"ReadAction\",\"target\":[\"https:\/\/wetterauer-kanalreinigung.de\/index.php\/zisternenreinigung\/\"]}]},{\"@type\":\"BreadcrumbList\",\"@id\":\"https:\/\/wetterauer-kanalreinigung.de\/index.php\/zisternenreinigung\/#breadcrumb\",\"itemListElement\":[{\"@type\":\"ListItem\",\"position\":1,\"name\":\"Startseite\",\"item\":\"https:\/\/wetterauer-kanalreinigung.de\/\"},{\"@type\":\"ListItem\",\"position\":2,\"name\":\"Zisternenreinigung\"}]},{\"@type\":\"WebSite\",\"@id\":\"https:\/\/wetterauer-kanalreinigung.de\/#website\",\"url\":\"https:\/\/wetterauer-kanalreinigung.de\/\",\"name\":\"Wetterauer Kanalreinigung und Rohreinigung\",\"description\":\"ZISTERNENREINIGUNG, KANAL TV-INSPEKTION\",\"potentialAction\":[{\"@type\":\"SearchAction\",\"target\":{\"@type\":\"EntryPoint\",\"urlTemplate\":\"https:\/\/wetterauer-kanalreinigung.de\/?s={search_term_string}\"},\"query-input\":{\"@type\":\"PropertyValueSpecification\",\"valueRequired\":true,\"valueName\":\"search_term_string\"}}],\"inLanguage\":\"de\"}]}<\/script>\n<!-- \/ Yoast SEO plugin. -->","yoast_head_json":{"title":"Zisternenreinigung - Wetterauer Kanalreinigung und Rohreinigung","robots":{"index":"index","follow":"follow","max-snippet":"max-snippet:-1","max-image-preview":"max-image-preview:large","max-video-preview":"max-video-preview:-1"},"canonical":"https:\/\/wetterauer-kanalreinigung.de\/index.php\/zisternenreinigung\/","og_locale":"de_DE","og_type":"article","og_title":"Zisternenreinigung - Wetterauer Kanalreinigung und Rohreinigung","og_description":"Leistungen \u00dcber Uns Unser Aktionsradius Kontakt Freistellungsbescheid Zisternenreinigung Eine Zisterne, oder ein Regentank, im eigenen Garten hat viele Vorteile. So [&hellip;]","og_url":"https:\/\/wetterauer-kanalreinigung.de\/index.php\/zisternenreinigung\/","og_site_name":"Wetterauer Kanalreinigung und Rohreinigung","article_modified_time":"2025-02-17T12:44:48+00:00","twitter_card":"summary_large_image","twitter_misc":{"Gesch\u00e4tzte Lesezeit":"3\u00a0Minuten"},"schema":{"@context":"https:\/\/schema.org","@graph":[{"@type":"WebPage","@id":"https:\/\/wetterauer-kanalreinigung.de\/index.php\/zisternenreinigung\/","url":"https:\/\/wetterauer-kanalreinigung.de\/index.php\/zisternenreinigung\/","name":"Zisternenreinigung - Wetterauer Kanalreinigung und Rohreinigung","isPartOf":{"@id":"https:\/\/wetterauer-kanalreinigung.de\/#website"},"datePublished":"2025-02-17T12:44:44+00:00","dateModified":"2025-02-17T12:44:48+00:00","breadcrumb":{"@id":"https:\/\/wetterauer-kanalreinigung.de\/index.php\/zisternenreinigung\/#breadcrumb"},"inLanguage":"de","potentialAction":[{"@type":"ReadAction","target":["https:\/\/wetterauer-kanalreinigung.de\/index.php\/zisternenreinigung\/"]}]},{"@type":"BreadcrumbList","@id":"https:\/\/wetterauer-kanalreinigung.de\/index.php\/zisternenreinigung\/#breadcrumb","itemListElement":[{"@type":"ListItem","position":1,"name":"Startseite","item":"https:\/\/wetterauer-kanalreinigung.de\/"},{"@type":"ListItem","position":2,"name":"Zisternenreinigung"}]},{"@type":"WebSite","@id":"https:\/\/wetterauer-kanalreinigung.de\/#website","url":"https:\/\/wetterauer-kanalreinigung.de\/","name":"Wetterauer Kanalreinigung und Rohreinigung","description":"ZISTERNENREINIGUNG, KANAL TV-INSPEKTION","potentialAction":[{"@type":"SearchAction","target":{"@type":"EntryPoint","urlTemplate":"https:\/\/wetterauer-kanalreinigung.de\/?s={search_term_string}"},"query-input":{"@type":"PropertyValueSpecification","valueRequired":true,"valueName":"search_term_string"}}],"inLanguage":"de"}]}},"_links":{"self":[{"href":"https:\/\/wetterauer-kanalreinigung.de\/index.php\/wp-json\/wp\/v2\/pages\/58","targetHints":{"allow":["GET"]}}],"collection":[{"href":"https:\/\/wetterauer-kanalreinigung.de\/index.php\/wp-json\/wp\/v2\/pages"}],"about":[{"href":"https:\/\/wetterauer-kanalreinigung.de\/index.php\/wp-json\/wp\/v2\/types\/page"}],"author":[{"embeddable":true,"href":"https:\/\/wetterauer-kanalreinigung.de\/index.php\/wp-json\/wp\/v2\/users\/1"}],"replies":[{"embeddable":true,"href":"https:\/\/wetterauer-kanalreinigung.de\/index.php\/wp-json\/wp\/v2\/comments?post=58"}],"version-history":[{"count":1,"href":"https:\/\/wetterauer-kanalreinigung.de\/index.php\/wp-json\/wp\/v2\/pages\/58\/revisions"}],"predecessor-version":[{"id":70,"href":"https:\/\/wetterauer-kanalreinigung.de\/index.php\/wp-json\/wp\/v2\/pages\/58\/revisions\/70"}],"wp:attachment":[{"href":"https:\/\/wetterauer-kanalreinigung.de\/index.php\/wp-json\/wp\/v2\/media?parent=58"}],"curies":[{"name":"wp","href":"https:\/\/api.w.org\/{rel}","templated":true}]}}